1
Let h(o) = -485*o + 6878. What is h(15)?
-397
Let m(a) = -a**3 - 20*a**2 + 867*a + 4909. Determine m(-39).
-5
Let f(h) = -3268*h - 209221. What is f(-64)?
-69
Let k(x) = 1323*x + 432694. Give k(-327).
73
Let m(b) = -8*b**2 - 108*b - 594. Give m(-6).
-234
Let a(m) = -4*m**3 + 78*m**2 - 25*m - 10. Calculate a(21).
-3181
Let w(c) = c**3 + 190*c**2 + 497*c + 22732. What is w(-188)?
-16
Let v(q) = -23356*q + 7964391. Calculate v(341).
-5
Let p(g) = 111*g**2 - 599*g - 295. Calculate p(6).
107
Let x(g) = -g**3 + 2*g**2 + 102*g - 206. Calculate x(2).
-2
Let z(c) = 28*c + 4393. Give z(-159).
-59
Let o(f) = 16*f**2 - 17607*f - 35211. Determine o(-2).
67
Let x(c) = -c**2 + 1681*c + 56654. What is x(-33)?
92
Let w(q) = -55*q**2 + 1084*q + 5431. What is w(-5)?
-1364
Let q(x) = -5*x**3 + 8*x**2 + 99*x + 9. What is q(-4)?
61
Let x(b) = 10841*b + 130016. What is x(-12)?
-76
Let k(q) = -1671*q - 3969. What is k(-3)?
1044
Let j(c) = -471*c + 13167. Calculate j(28).
-21
Let k(b) = -588*b - 652. What is k(-2)?
524
Let y(w) = 2*w**3 + 33*w**2 - 550*w - 3145. What is y(-25)?
-20
Let c(k) = 81*k**2 - 1956*k + 99. What is c(24)?
-189
Let z(u) = -22*u**3 - 25*u**2 - 20*u - 17. What is z(-1)?
0
Let a(c) = 11*c**2 + 760*c + 5279. Determine a(-7).
498
Let r(d) = -623*d**2 + 47987*d - 1225. Calculate r(77).
7
Let r(c) = 107*c**2 - 631*c + 17. Determine r(6).
83
Let t(r) = 1422*r**2 - 1301*r + 2. Give t(1).
123
Let d(y) = -y**3 - 47*y**2 - 535*y + 523. Determine d(-21).
292
Let j(m) = 4*m**2 - 980*m + 4844. Calculate j(5).
44
Let d(p) = 29*p**2 - 3275*p - 3520. Calculate d(114).
14
Let b(g) = 72145*g + 1082188. Calculate b(-15).
13
Let z(n) = 3*n**3 - 20*n**2 - 114*n + 52. Determine z(-6).
-632
Let r(k) = k**3 - 10*k**2 - 180*k + 1225. Calculate r(7).
-182
Let v(w) = -6*w**2 - 5023*w - 69168. Determine v(-14).
-22
Let g(i) = -130176*i**2 + 390530*i + 3. Calculate g(3).
9
Let k(z) = -278231*z + 8346938. What is k(30)?
8
Let h(y) = -53*y + 319. Determine h(11).
-264
Let v(t) = -44*t**3 + 972*t**2 - 5*t - 1831. What is v(22)?
-5
Let d(r) = 476*r - 34127. Calculate d(57).
-6995
Let m(k) = -706*k + 7373. Calculate m(12).
-1099
Let h(l) = -l**3 + 110*l**2 - 2641*l + 1132. Give h(75).
-68
Let s(q) = -3*q**3 - 14*q**2 + 112*q - 45. What is s(-9)?
0
Let p(j) = -1224*j + 44237. What is p(36)?
173
Let t(z) = 2*z**2 - 811*z + 11110. What is t(14)?
148
Let d(v) = v**3 - 28*v**2 - 321*v + 180. Calculate d(-9).
72
Let f(b) = 4*b**2 + 80*b - 3161. What is f(31)?
3163
Let p(t) = -123*t - 1632. Determine p(-35).
2673
Let s(b) = 2702*b + 40626. What is s(-15)?
96
Let m(o) = -137*o**2 + 4647*o + 299. Determine m(34).
-75
Let k(j) = -2132*j + 51210. What is k(24)?
42
Let h(v) = 38*v**2 + 1806*v + 7320. Determine h(-43).
-76
Let f(a) = -1179*a - 1254. Give f(-1).
-75
Let p(o) = -3*o**2 + 151*o - 6422. Determine p(39).
-5096
Let r(i) = -347*i + 3863. Determine r(11).
46
Let n(j) = -j**2 + 77*j + 1375. What is n(-13)?
205
Let y(d) = -6*d**2 + 375*d - 5854. Calculate y(21).
-625
Let x(h) = -h**3 + 12*h**2 - 1159*h - 7582. Determine x(-6).
20
Let y(c) = 7*c**3 - 153*c**2 + 665*c - 147. Determine y(16).
-3
Let r(z) = 44*z**2 + 1106*z + 6535. Calculate r(-6).
1483
Let l(z) = 4*z**2 - 340*z - 2018. Calculate l(-6).
166
Let q(w) = -20*w**3 + 139*w**2 - 1371*w + 9645. Calculate q(7).
-1
Let r(q) = 894*q - 9910. Calculate r(11).
-76
Let c(t) = -10*t**3 + 70*t**2 - 9*t + 36. What is c(7)?
-27
Let b(q) = -23*q**3 - 415*q**2 + 353*q + 6677. What is b(-18)?
-1
Let f(w) = -2*w**3 - 11*w**2 + 10782*w + 64657. What is f(-6)?
1
Let k(c) = c**3 + 115*c**2 - 10053*c - 3294. Calculate k(-173).
-7
Let b(q) = -846*q - 259437. Give b(-307).
285
Let x(y) = -2*y**3 - 50*y**2 - 51*y + 32. Determine x(-22).
-1750
Let y(l) = l**3 - 30*l**2 + 23*l + 937. Give y(28).
13
Let g(c) = 4*c**2 - 3488*c + 139434. Determine g(42).
-6
Let v(u) = -33*u**2 + 232*u - 201. Give v(1).
-2
Let a(i) = -3*i**2 + 63*i - 299. Determine a(11).
31
Let l(v) = -92742*v - 1483854. Give l(-16).
18
Let d(t) = -3*t**3 - 11*t**2 - 787*t - 4597. Determine d(-6).
377
Let m(q) = 3*q**3 + 73*q**2 - 25*q + 4. Give m(-24).
1180
Let v(l) = 3*l**2 + 139*l + 104. Determine v(-7).
-722
Let a(n) = 8371*n - 210. Determine a(0).
-210
Let m(z) = -7*z**2 + 80*z + 111. Give m(14).
-141
Let r(f) = -11529*f + 57640. Calculate r(5).
-5
Let l(j) = 108*j**2 + 984*j + 1608. Calculate l(-7).
12
Let z(d) = 26*d**2 + 1170*d - 237. What is z(-45)?
-237
Let i(v) = 2*v**3 - 18*v**2 - 52*v + 558. Calculate i(7).
-2
Let t(v) = -23718*v + 118597. Calculate t(5).
7
Let b(o) = -28*o**2 + 792*o + 592. Determine b(29).
12
Let u(i) = -2620*i + 36553. What is u(14)?
-127
Let j(m) = -m**2 + 4016*m + 390500. What is j(-95)?
-45
Let c(n) = 66*n**2 - 112*n - 1701. What is c(6)?
3
Let o(r) = -r**3 + 112*r**2 - 104*r - 12788. What is o(110)?
-28
Let s(y) = -4*y**3 + 9*y**2 - 9*y - 101. Give s(-3).
115
Let r(s) = s**2 - 426*s - 14768. Give r(-32).
-112
Let b(w) = w**3 - 185*w**2 - 376*w + 1637. What is b(187)?
1263
Let c(t) = t**3 - 45*t**2 - 73*t - 526. Determine c(47).
461
Let o(y) = -3*y**3 - 291*y**2 - 295*y + 83. Calculate o(-96).
755
Let v(t) = -676*t - 24604. Determine v(-38).
1084
Let x(a) = -4*a**3 + 4*a**2 + 1510*a - 6014. Give x(4).
-166
Let o(i) = -561*i - 453. Calculate o(-3).
1230
Let q(n) = n**3 + 16*n**2 + 54*n + 999. Determine q(-17).
-208
Let z(a) = -6*a**3 + 319*a**2 - 64*a + 964. Give z(53).
381
Let i(y) = 1140*y - 236. Calculate i(-2).
-2516
Let c(v) = -2259*v + 26691. What is c(15)?
-7194
Let b(k) = k**3 + 14*k**2 - 441*k + 106. Determine b(-30).
-1064
Let j(c) = 227*c**2 - 12702*c - 352. Give j(56).
208
Let l(c) = -c**2 - 85*c - 1313. Calculate l(-27).
253
Let a(f) = 122*f**2 + 195*f + 393. Give a(-2).
491
Let o(v) = -v**3 + 27*v**2 - 30*v - 2131. Give o(14).
-3
Let k(y) = 550*y + 2476. What is k(-6)?
-824
Let i(t) = -6*t**2 + 597*t + 1200. What is i(-2)?
-18
Let j(v) = -401045*v - 2807315. What is j(-7)?
0
Let g(n) = -25*n**3 + 12499*n**2 + 504*n - 2013. Determine g(500).
-13
Let u(x) = 67686*x - 18342911. Calculate u(271).
-5
Let p(n) = -n**3 + 104*n**2 - 1552*n + 561. Determine p(86).
217
Let h(t) = 3*t**2 - 355*t - 156832. What is h(-177)?
-10
Let p(d) = d**3 - 3*d**2 - 97*d + 460. Determine p(8).
4
Let x(a) = 11*a**3 + 14*a**2 - 69*a + 8. Determine x(4).
660
Let y(f) = -745*f - 388888. Determine y(-522).
2
Let f(l) = -l**3 + 2*l**2 + 51*l - 528. Calculate f(10).
-818
Let q(d) = 5105*d - 1127902. What is q(221)?
303
Let x(b) = 34087*b - 102439. Calculate x(3).
-178
Let v(f) = -464*f**2 - 5853*f + 2308. Give v(-13).
-19
Let m(r) = 7*r - 617. What is m(75)?
-92
Let s(q) = -8*q**3 + 3*q**2 + 36*q - 74. Calculate s(-5).
821
Let s(y) = -1756*y**3 - 2*y**2 - 250*y + 252. Determine s(1).
-1756
Let z(r) = 8314*r + 66746. Calculate z(-8).
234
Let z(f) = 44*f**2 + 266*f + 387. What is z(-3)?
-15
Let s(y) = 11423*y - 57346. Calculate s(5).
-231
Let n(l) = -3146*l - 62752. Determine n(-20).
168
Let c(m) = -1076*m + 158451. Give c(147).
279
Let f(p) = -p**3 + 9*p**2 - 1378*p + 25054. Calculate f(17).
-684
Let d(a) = -27*a**2 - 2997*a + 124. What is d(-111)?
124
Let i(d) = -63*d**2 + 1502*d - 1762. Determine i(23).
-543
Let b(t) = t**3 - 122*t**2 - 264*t + 17281. Give b(123).
-62
Let j(n) = -45*n**3 - 14*n**2 + 16*n + 19. Calculate j(2).
-365
Let m(b) = -2*b**3 + 42*b**2 - 170*b + 578. Determine m(17).
0
Let f(s) = -228*s - 37377. Determine f(-164).
15
Let c(u) = -17013*u + 731426. What is c(43)?
-133
Let w(o) = -o**2 - 1423*o - 101095. What is w(-75)?
5
Let u(d) = 1230*d + 29241. Calculate u(-21).
3411
Let t(a) = 54508*a - 15698303. Calculate t(288).
1
Let t(d) = -2*d**2 - 1205*d - 160129. Calculate t(-198).
53
Let c(m) = -m**3 + 133*m**2 + 334*m - 8434. Give c(135).
206
Let a(s) = s**3 + 256*s**2 - 1046*s - 1614. What is a(-260)?
-54
Let l(d) = 2*d**2 - 206*d + 5260. Determine l(57).
16
Let r(k) = -k**2 - 25973*k + 571824. Give r(22).
-66
Let m(k) = k**3 - 75*k**2 - 516*k + 27895. What is m(77)?
21
Let w(m) = -m**3 + 571*m**2 + 1477*m - 189673. What is w(573)?
-10
Let t(z) = 27795*z - 305632. Give t(11).
113
Let o(q) = 20*q**2 + 500*q + 7. Give o(-26).
527
Let w(z) = -41806*z + 83616. Calculate w(2).
4
Let z(v) = 519*v + 21098. What is z(-40)?
338
Let x(a) = 2*a**3 + 434*a**